 is the tens digit of 1523?
2
What is the hundreds digit of 161?
1
What is the hundreds digit of 38499?
4
What is the ten thousands digit of 101035?
0
What is the ten thousands digit of 86226?
8
What is the ten thousands digit of 129978?
2
What is the units digit of 8699?
9
What is the tens digit of 1389?
8
What is the thousands digit of 19964?
9
What is the units digit of 32638?
8
What is the tens digit of 39841?
4
What is the units digit of 2047?
7
What is the thousands digit of 1081?
1
What is the tens digit of 1813?
1
What is the hundreds digit of 13982?
9
What is the tens digit of 207150?
5
What is the hundreds digit of 2028?
0
What is the tens digit of 1461?
6
What is the thousands digit of 32226?
2
What is the hundreds digit of 158?
1
What is the units digit of 278?
8
What is the tens digit of 1521?
2
What is the thousands digit of 2225?
2
What is the tens digit of 1731?
3
What is the tens digit of 13804?
0
What is the thousands digit of 16279?
6
What is the units digit of 11049?
9
What is the hundreds digit of 5611?
6
What is the thousands digit of 3649?
3
What is the units digit of 168?
8
What is the hundreds digit of 22819?
8
What is the thousands digit of 24525?
4
What is the units digit of 4818?
8
What is the ten thousands digit of 125530?
2
What is the tens digit of 1334?
3
What is the thousands digit of 5750?
5
What is the ten thousands digit of 109341?
0
What is the tens digit of 3016?
1
What is the hundreds digit of 2385?
3
What is the ten thousands digit of 24417?
2
What is the hundreds digit of 1427?
4
What is the tens digit of 1661?
6
What is the thousands digit of 1165?
1
What is the thousands digit of 3307?
3
What is the units digit of 107380?
0
What is the units digit of 81146?
6
What is the thousands digit of 1495?
1
What is the thousands digit of 39280?
9
What is the tens digit of 2682?
8
What is the units digit of 29202?
2
What is the thousands digit of 51177?
1
What is the units digit of 240?
0
What is the tens digit of 4299?
9
What is the hundreds digit of 62858?
8
What is the tens digit of 9161?
6
What is the tens digit of 866?
6
What is the tens digit of 64?
6
What is the units digit of 6844?
4
What is the hundreds digit of 4440?
4
What is the hundreds digit of 2108?
1
What is the tens digit of 8668?
6
What is the ten thousands digit of 11227?
1
What is the units digit of 106821?
1
What is the hundreds digit of 586?
5
What is the tens digit of 8602?
0
What is the thousands digit of 22198?
2
What is the hundreds digit of 737?
7
What is the tens digit of 14004?
0
What is the thousands digit of 3025?
3
What is the tens digit of 126067?
6
What is the hundreds digit of 1242?
2
What is the hundreds digit of 38900?
9
What is the tens digit of 644?
4
What is the tens digit of 8565?
6
What is the thousands digit of 27829?
7
What is the tens digit of 839?
3
What is the hundreds digit of 1499?
4
What is the tens digit of 7422?
2
What is the hundred thousands digit of 103119?
1
What is the ten thousands digit of 15640?
1
What is the tens digit of 1594?
9
What is the tens digit of 21720?
2
What is the hundreds digit of 4248?
2
What is the tens digit of 518?
1
What is the hundreds digit of 13300?
3
What is the hundreds digit of 3488?
4
What is the ten thousands digit of 11698?
1
What is the hundreds digit of 5064?
0
What is the tens digit of 67745?
4
What is the hundreds digit of 6595?
5
What is the tens digit of 9481?
8
What is the units digit of 88533?
3
What is the hundreds digit of 1469?
4
What is the ten thousands digit of 27233?
2
What is the units digit of 2035?
5
What is the tens digit of 623?
2
What is the hundreds digit of 316?
3
What is the units digit of 7853?
3
What is the tens digit of 2713?
1
What is the tens digit of 2310?
1
What is the tens digit of 1659?
5
What is the hundreds digit of 1293?
2
What is the units digit of 964?
4
What is the thousands digit of 25868?
5
What is the hundreds digit of 22086?
0
What is the tens digit of 501?
0
What is the ten thousands digit of 11199?
1
What is the units digit of 2201?
1
What is the ten thousands digit of 19834?
1
What is the thousands digit of 2869?
2
What is the tens digit of 2417?
1
What is the units digit of 1840?
0
What is the tens digit of 10225?
2
What is the thousands digit of 16598?
6
What is the units digit of 479?
9
What is the hundreds digit of 1108?
1
What is the thousands digit of 70848?
0
What is the tens digit of 1295?
9
What is the thousands digit of 15105?
5
What is the units digit of 1015?
5
What is the tens digit of 507?
0
What is the tens digit of 1098?
9
What is the tens digit of 515?
1
What is the hundreds digit of 37116?
1
What is the tens digit of 580?
8
What is the tens digit of 86884?
8
What is the thousands digit of 1794?
1
What is the hundreds digit of 21698?
6
What is the hundreds digit of 23652?
6
What is the ten thousands digit of 118228?
1
What is the tens digit of 25?
2
What is the tens digit of 27091?
9
What is the hundreds digit of 179?
1
What is the thousands digit of 38238?
8
What is the hundreds digit of 1629?
6
What is the tens digit of 110412?
1
What is the tens digit of 944?
4
What is the thousands digit of 5435?
5
What is the hundreds digit of 64635?
6
What is the thousands digit of 2836?
2
What is the hundreds digit of 102194?
1
What is the hundreds digit of 110318?
3
What is the hundreds digit of 4214?
2
What is the ten thousands digit of 164663?
6
What is the tens digit of 41214?
1
What is the units digit of 3903?
3
What is the thousands digit of 5686?
5
What is the tens digit of 37101?
0
What is the hundred thousands digit of 137127?
1
What is the tens digit of 657?
5
What is the tens digit of 9870?
7
What is the tens digit of 17854?
5
What is the hundreds digit of 37559?
5
What is the thousands digit of 3180?
3
What is the tens digit of 12874?
7
What is the units digit of 330?
0
What is the tens digit of 209?
0
What is the tens digit of 1405?
0
What is the tens digit of 187?
8
What is the hundreds digit of 4088?
0
What is the units digit of 49804?
4
What is the tens digit of 34674?
7
What is the tens digit of 1786?
8
What is the tens digit of 3005?
0
What is the thousands digit of 2626?
2
What is the ten thousands digit of 23615?
2
What is the tens digit of 225?
2
What is the hundreds digit of 3749?
7
What is the tens digit of 76452?
5
What is the units digit of 30212?
2
What is the thousands digit of 1392?
1
What is the hundreds digit of 5315?
3
What is the hundreds digit of 10171?
1
What is the hundreds digit of 2936?
9
What is the units digit of 6875?
5
What is the thousands digit of 35465?
5
What is the thousands digit of 79012?
9
What is the thousands digit of 8036?
8
What is the units digit of 516?
6
What is the thousands digit of 5048?
5
What is the tens digit of 8776?
7
What is the thousands digit of 30107?
0
What is the thousands digit of 19418?
9
What is the tens digit of 256?
5
What is the thousands digit of 4536?
4
What is the units digit of 18909?
9
What is the hundreds digit of 1435?
4
What is the units digit of 22845?
5
What is the thousands digit of 1572?
1
What is the tens digit of 2694?
9
What is the tens digit of 236?
3
What is the tens digit of 72?
7
What is the units digit of 4051?
1
What is the units digit of 481?
1
What is the hundreds digit of 3756?
7
What is the units digit of 31007?
7
What is the tens digit of 205?
0
What is the thousands digit of 4247?
4
What is the hundreds digit of 13419?
4
What is the units digit of 680?
0
What is the hundreds digit of 650?
6
What is the units digit of 18499?
9
What is the ten thousands digit of 49967?
4
What is the ten thousands digit of 29271?
2
What is the units digit of 9241?
1
What is the thousands digit of 2362?
2
What is the tens digit of 4150?
5
What is the units digit of 576?
6
What is the hundreds digit of 1194?
1
What is the hundreds digit of 7913?
9
What is the thousands digit of 1062?
1
What is the ten thousands digit of 12406?
1
What is the hundreds digit of 49874?
8
What is the hundreds digit of 4663?
6
What is the tens digit of 79?
7
What is the tens digit of 3208?
0
What is the hundreds digit of 3709?
7
What is the thousands digit of 48454?
8
What is the thousands digit of 61713?
1
What is the hundreds digit of 964?
9
What is the thousa